, -3*z + 5*x + 2420 = 2*z. Let u = z - 311. What is the highest common divisor of u and 19?
19
Suppose 2*n = -0*n + 3*a + 46, 4*n - 5*a = 92. Suppose -4*q = 2*j - 634, 19*q - 4*j - 342 = 17*q. Calculate the highest common divisor of n and q.
23
Suppose -6*d + 2*d + 5*g + 7 = 0, 2*d = -5*g + 41. Let k be -6*4/(-8)*(-40)/(-3). What is the greatest common divisor of d and k?
8
Let a = 9 + 7. Let q be (-24)/(-2 + 6/12). Calculate the highest common factor of q and a.
16
Let u = -165 - -245. Let d be 0 - -114 - -1 - 2. Let n = d - u. What is the greatest common factor of 22 and n?
11
Let l be (0 - -4)/(4770/(-801) - -6). Calculate the highest common factor of l and 1.
1
Let o be ((-2)/4)/(4/(-8)). Let z be ((-24)/36)/(o/(-12)). Suppose -2*n + z = -16. Calculate the highest common factor of 60 and n.
12
Let s be 84 + (-4)/(16/12). Suppose 6*z - 3 = 5*z. Suppose -3*j = -5*g - 2*j + 50, 0 = -3*g + z*j + 42. Calculate the highest common factor of g and s.
9
Let t = 360 - 301. What is the highest common divisor of t and 1?
1
Let i(y) = -y**2 + y + 10. Let w = 7 - 6. Let g be (w - 1) + 0/11. Let z be i(g). What is the highest common factor of 10 and z?
10
Let i be (21/9 - 2)*12. Suppose 0 = 2*u + i*n - 22, -u - 7*n + 3*n = -1. What is the greatest common divisor of u and 126?
21
Let o be (16/6)/(-8)*-240. What is the highest common factor of o and 200?
40
Let o(w) = w**2 + 21*w + 32. Let t be o(-20). What is the greatest common divisor of 28 and t?
4
Let f = 203 + -161. Calculate the greatest common divisor of f and 168.
42
Let s(y) = y**3 + 7*y**2 - 9*y - 15. Suppose -5*g = 8 + 22. Let v be s(g). Calculate the highest common factor of 15 and v.
15
Let t(n) = -3*n**3 - 6*n**2 + n + 8. Let z be t(-6). What is the greatest common divisor of 62 and z?
62
Let t be 2 + 4 + 50 + 2. Let w = -117 + 79. Let f = t + w. Calculate the greatest common divisor of f and 50.
10
Let n = 12 - 12. Let r(y) = -y**3 - y + 15. Let d be r(n). What is the greatest common divisor of d and 15?
15
Let g = 42 - 31. Suppose 62 = g*q + 7. Calculate the greatest common factor of q and 5.
5
Suppose 2*y = -3*y. Let a = -46 + 65. Suppose -5*k = 2*h + 6 - a, y = 3*h + 5*k - 17. Calculate the highest common factor of 16 and h.
4
Suppose 4*j - 3*j - 4 = 0, 5*j - 74 = -3*c. What is the greatest common factor of 792 and c?
18
Let y be ((-18)/(-4))/((-3)/(-64)). Calculate the highest common factor of y and 320.
32
Let y(l) = -12*l - 1. Let v be y(-1). Let m = 162 + -63. What is the highest common factor of m and v?
11
Let o be 35/(4 - -1) + -8 - -16. What is the greatest common factor of 9 and o?
3
Suppose -4*z = 5*i + 4, -i = -0*i - 3*z - 3. Suppose 5*v - 217 - 53 = i. Calculate the highest common factor of 6 and v.
6
Suppose -4*v - 5*r + 320 = v, -v + 3*r + 72 = 0. Let j = -3 - 33. Let h = v + j. Calculate the greatest common factor of h and 6.
6
Let l be 3393/58*(-8)/(-6). What is the highest common factor of 897 and l?
39
Suppose -9*o + 5*i + 259 = -7*o, 2*i = -2. What is the highest common divisor of o and 889?
127
Let i(v) = -v**3 + 5*v**2 + 6*v + 1. Let b be i(6). Suppose j + b = 11. Let w be -9*((-24)/9 + 1). What is the highest common factor of w and j?
5
Suppose 2*n - 8 = 2. Let c be (-9)/15 - (-65)/25. What is the highest common factor of c and n?
1
Suppose 2*l = -4*n + 3965 + 2953, 2*n = -2*l + 3458. What is the highest common factor of 10 and n?
10
Suppose -2*h - 16*h + 1782 = 0. What is the greatest common factor of h and 264?
33
Suppose 70*q = 75*q + 315. Let h = q + 71. Calculate the greatest common factor of 40 and h.
8
Let u = -42 + 26. Let t = -12 - u. Suppose -m = 3*v - 43, m - t*m + 89 = v. Calculate the highest common divisor of m and 224.
28
Let b = 1128 - 804. What is the greatest common factor of 24 and b?
12
Suppose 5*c - 3*u - 984 = 0, -3*c - 189 = -4*c - 2*u. Calculate the greatest common factor of 39 and c.
39
Let f be 12/3*-2 - -2. Let i(z) = -18*z - 10. Let n be i(f). Calculate the greatest common divisor of 14 and n.
14
Let r(z) = -z**3 + 8*z**2 - 5*z + 8. Let l be r(6). Let o = 60 - l. Calculate the highest common factor of o and 90.
10
Let n = -1273 + 1525. Calculate the highest common factor of n and 42.
42
Let j(s) = s**3 + 29*s**2 - 8*s - 222. Let a be j(-29). What is the greatest common divisor of a and 1670?
10
Let t = 16 + -12. Let n be (-4)/8 + (-6)/(-4). What is the greatest common divisor of n and t?
1
Let o(n) = -n**2 + 13*n + 2. Let p be o(13). Let k be (-6)/(-5 + p) + -29. Let j be (-1)/(-1) - -1 - k. What is the highest common factor of 116 and j?
29
Let w be 24/4 - -15*1. Let r(c) = 2*c + 1. Let n be r(3). What is the greatest common divisor of w and n?
7
Suppose 0 = h - 3*l + 34, -2*l = 4*h - 7*h - 81. Let t = h + 28. What is the highest common divisor of t and 6?
3
Suppose -r + 10 + 1 = 5*f, f - 5 = -3*r. Let u be 2/((-6)/(-9)) - f. Let j be u + 1*(9 - -4). What is the highest common factor of j and 70?
14
Let y = 154 - 110. Let d(j) = -19*j - 40. Let r be d(-5). Calculate the highest common factor of y and r.
11
Let p be ((1 - 4) + 1)*4. Let h be (1 - 0)/(17/(-17)). Let o be 3 + h + p/(-2). What is the highest common divisor of 24 and o?
6
Let q(v) = -v**2 - 4*v + 32. Let i be q(-6). Let c be (2/i*-14)/(2/(-10)). Calculate the highest common divisor of 49 and c.
7
Let l(k) = k**3 + k**2 + 3*k - 2. Let f be l(1). What is the greatest common factor of f and 21?
3
Let d = -106 - -120. Calculate the greatest common factor of 42 and d.
14
Let j = 38 + -8. Let n be ((-150)/(-20))/(2/12). What is the greatest common factor of j and n?
15
Let x(t) = 179*t**2 - 2*t + 5. Let i be x(-2). What is the highest common divisor of i and 25?
25
Let k(t) = 140*t**2 + 104*t - 104. Let f be k(1). What is the highest common divisor of 476 and f?
28
Suppose 4 = -m, -4*a - 161 = -m - 281. Calculate the highest common divisor of a and 1363.
29
Suppose 0 = 3*v - 5*v + 8. Calculate the highest common divisor of 20 and v.
4
Let f(s) = 6*s**2 + s + 3. Suppose 0 = j + j. Suppose -3*n + n + 6 = j. Let y be f(n). Calculate the greatest common divisor of 6 and y.
6
Let q be ((-15)/(-10))/((-6)/(-4)). Suppose o = 3 + q. Suppose a = -4*h + 4, 0 = -4*h + 3*a + o - 0. Calculate the highest common divisor of h and 5.
1
Let s(k) = -6*k + 3*k - 5*k + 10. Let z be s(-1). Suppose -35 = -5*u + 190. Calculate the highest common divisor of z and u.
9
Let y(j) = -4*j - 29. Let f be y(-9). Calculate the highest common divisor of f and 77.
7
Suppose 0 = 3*b - 4*k - 22 - 13, k - 20 = -5*b. Let q(z) = -17*z + 188. Let a be q(9). Calculate the highest common factor of b and a.
5
Suppose -7*w + 980 = -3*w. Let u = w + -168. What is the highest common divisor of 11 and u?
11
Let l be (249/9)/(7/210). Calculate the highest common divisor of l and 10.
10
Let m be (-30)/2*30/(-75). Suppose 0 = y - m - 18. Calculate the highest common divisor of y and 3.
3
Let t(s) = -23*s**3 - s**2 - 4*s - 3. Let u be t(-1). Calculate the highest common divisor of u and 23.
23
Suppose -2*a - 8*a = 20. Let n be 64*(1 - a - (-25)/(-10)). Suppose 2*u - 192 = -2*u. Calculate the greatest common factor of n and u.
16
Let j = 272 - 268. Calculate the highest common factor of j and 64.
4
Suppose 5*v = 3*u + 11 - 1, 10 = 5*v - 2*u. Suppose 3*b = 2*x - 110 + 107, -b + 13 = 4*x. Calculate the greatest common factor of v and b.
1
Let g be ((-14)/8 + 1)*-12. Let b(d) = -19 - 4 - 4*d + g. Let z be b(-13). What is the highest common divisor of z and 19?
19
Suppose 0*d - 226 = -2*d. Suppose h - 293 = -d. What is the highest common divisor of 72 and h?
36
Let d = -10 + 36. Suppose -10 = -3*v + d. Calculate the greatest common divisor of 108 and v.
12
Let r(d) = d**3 - 3*d**2 - d + 6. Let a be r(3). Suppose p - a*k - 2 = 0, -p + 2*k = -5*p + 50. What is the greatest common divisor of p and 22?
11
Let b = -1 - 5. Let k be ((-2)/(-3))/(b/(-9)). Let l be (k - 2) + 64/4. Calculate the highest common divisor of l and 150.
15
Suppose -50*l + 35 = -45*l. Let o = 162 + -92. What is the highest common factor of o and l?
7
Let r(h) = h**3 + 31*h**2 + 2*h + 78. Let a be r(-31). Let b be (32/2)/((-8)/(-64)). What is the greatest common divisor of a and b?
16
Let r be ((-30)/(-2))/(5*(-10)/(-50)). What is the greatest common factor of 1515